s c composite?
False
Suppose -70*o + 68*o + 5*i + 193126 = 0, i = -4. Is o a composite number?
False
Suppose -36*k + 1576933 = -630983. Is k a prime number?
True
Let l = 197 + 62. Suppose l*g = 251*g + 8344. Is g prime?
False
Let d(v) = -v**2 + 14*v + 35. Let p(y) = -2*y - 14. Let f be p(-15). Let g be d(f). Suppose -9 = -g*z, 4*h - z - 223 = 3*h. Is h prime?
False
Let a = -200 - -476. Is ((-58)/(-3))/(8/a) a prime number?
False
Suppose -5*h = -2*n - 3*n - 7085, -2*h + n = -2830. Suppose -9*w - h = -6*w. Let l = w - -962. Is l a composite number?
False
Let z(b) = 24*b - 41. Let m be z(2). Is 2*4663*m/(-56)*-4 prime?
True
Let l(v) = 3835*v - 1577. Is l(6) a prime number?
True
Let c = 367530 + -44933. Is c prime?
False
Let y(o) = o**2 - 9*o - 28. Let b be y(12). Let w be (-4 + 7 + -4)/((-2)/b). Is ((-2747)/(-82))/(1*1/w) prime?
False
Suppose 423*q - 102834608 + 6332393 = 92202738. Is q prime?
True
Let w(c) = -54*c**2 - 11*c - 49. Let b be w(-5). Let d = -825 - b. Is d a composite number?
True
Suppose 401*q = 363*q + 85006. Is q a composite number?
False
Let q(u) = -19 - 6 - 2*u + u - 5*u. Let o be q(-5). Suppose -o*r = -33 - 22. Is r composite?
False
Suppose -24201 - 48979 = -2*j. Suppose -j = -22*q + 12*q. Is q a composite number?
False
Let p(k) = 23*k**2 - 75*k - 546. Is p(-11) a prime number?
False
Let v(r) = -56*r**3 - 6*r**2 - 50*r - 45. Let o = -28 - -26. Let w(q) = 11*q**3 + q**2 + 10*q + 9. Let f(j) = o*v(j) - 11*w(j). Is f(-4) a composite number?
True
Let g = -67 + 37. Is 10436 + g/(7 - 13) composite?
True
Let h(q) = 27*q**2 + 27. Let d be h(6). Let p = d + 1232. Is p a composite number?
True
Let x = 472 - 443. Is (x/(-2))/((-38)/16948) a prime number?
False
Suppose 0 = 14*a - 80 + 10. Suppose -a*w + 43604 = 12*o - 9*o, -4*o - 34864 = -4*w. Is w composite?
False
Suppose 5*b - 6465 = 45370. Suppose -515 + b = 12*u. Is u prime?
True
Let u(h) = -262*h**3 + 8*h**2 + 36*h + 33. Let r be u(-6). Suppose 8*v + r = 11*v. Is v a composite number?
False
Let r(u) = 38*u**2 - 42*u - 19. Let g be r(-8). Let t = 7828 - g. Is t prime?
False
Let f = 104 - 98. Suppose -3*t + 5*a - 4*a = -18, -3*t - 3*a + f = 0. Suppose -2*d = -t*i - 611 - 146, 20 = 4*i. Is d a prime number?
False
Let v = -305 + -330. Let m = v + 928. Is m prime?
True
Let h(x) = -13*x**3 + 3*x**2 + 2*x + 5. Let w(j) = 13*j**3 - 2*j**2 - j - 5. Let u(d) = 4*h(d) + 5*w(d). Is u(7) prime?
False
Let q(u) = 44*u**3 - 9*u**2 + 2*u + 14. Let g be q(6). Suppose 10*h - g = 9114. Suppose 5*y - 4*d + 1853 = 6466, 5*d = -2*y + h. Is y composite?
True
Let o(f) = -170*f + 30. Let g be o(-3). Suppose -8*b + g = -14044. Is b prime?
True
Suppose -2*k - 10*h + 9740 = -7*h, 19468 = 4*k + 4*h. Is k composite?
False
Is ((38/6 - 7) + -4)/((-2)/112899) a prime number?
False
Let f(m) = -658*m - 351. Is f(-10) a composite number?
False
Is 432703/13 + 2 + (-12)/(-390)*5 a prime number?
True
Let w(t) = -t**2 + 35*t - 5. Suppose -143*p = -140*p - 81. Is w(p) a prime number?
True
Suppose 22 = 2*g + 5*s, 23*g - 55 = 18*g + 2*s. Suppose 458 = g*c - 48. Is c prime?
False
Let d be ((-2)/(-6))/(7 - (-258)/(-36)). Let z be (-92543)/55 - d/(-5). Let k = z + 3656. Is k a prime number?
True
Let u = 42 + -52. Let k be 16/6*(u - -7). Is ((-2)/k)/((-3)/(-444)) prime?
True
Is 2052116/3 - 280/(-840) a prime number?
False
Let k be -6*(0 + -4 + 1 + 1476). Let z = k + 14379. Is z composite?
True
Let l = -2158870 + 3121967. Is l a composite number?
False
Let q = 6464 - -9679. Is q prime?
False
Let d(q) = -53*q + 171. Let s be d(-3). Let p = -1 - -3. Suppose -100 + s = p*j. Is j prime?
False
Suppose -4*g + 5*g = h + 57756, g - 57753 = 2*h. Is (-2)/(-7) + g/91 a composite number?
True
Suppose -f - 25*o = -26*o + 1, 3*o = 2*f + 5. Suppose 5*r - 2*b = -664, -3*r - 122 = -2*r + 5*b. Is (-225555)/r + (-1)/(-8)*f a prime number?
True
Suppose -3*y + 1 = l, y + 2 = -2*l + 4. Let t be 4*1 - (y + 1 + -1). Is 33*(((-4)/3)/t - -98) composite?
True
Suppose -76*q + 71*q - 3031525 = -5*j, -2*j = 4*q - 1212574. Is j a prime number?
True
Let t = -2555 + 48498. Is t a composite number?
False
Suppose -2 = -10*n + 9*n. Let f(w) = 33*w**2 + w. Let b be f(n). Suppose -b = 2*i + 4*z - 444, 5 = -5*z. Is i prime?
True
Suppose 0 = 25*h - 27*h + 4. Suppose -3*c + 71 + 136 = h*r, 0 = 3*c - r - 198. Let y = c - -820. Is y composite?
False
Let o(c) = 8*c**2 + 1. Let s be o(6). Suppose -4*w + 5*t = s + 23, 0 = -2*w - 4*t - 182. Let a = 80 - w. Is a a composite number?
False
Let v(k) = -18*k**3 - 65*k**2 - 22*k + 16. Is v(-23) composite?
True
Let i(v) = 2515*v**3 - 3*v**2 - 3*v - 5. Let o(y) = -3773*y**3 + 4*y**2 + 4*y + 7. Let a(h) = 7*i(h) + 5*o(h). Is a(-2) prime?
False
Let n(k) = -3*k**3 + 7*k**2 - 2. Let v be n(2). Suppose -8518 = -2*j + 4*c, 0 = v*j + 2*c + 3*c - 8563. Is j prime?
False
Suppose 0 = -2*h - 5*c + 431751, -433682 = -3*h - 7*c + 213942. Is h a composite number?
False
Let i = 535 - 510. Let s(p) = -2*p**3 + 59*p**2 + 60*p - 38. Is s(i) a composite number?
True
Suppose -2*n = 69 - 35. Let o(i) = i**2 - 2*i + 54. Is o(n) a prime number?
False
Suppose 7*d - 84 = 1491. Suppose -2*x + 131 + d = 5*f, 0 = 4*x + f - 712. Suppose 12 = -2*y + x. Is y composite?
False
Let i be 187218/(-12) - (-3)/6. Let k = i + 23214. Is k a composite number?
True
Let y be 5/10 - (-6)/4. Suppose 6*m = -4*x + 5*m + 4606, 0 = -y*m + 4. Is x a prime number?
True
Let v(f) = -308*f + 1. Suppose 0*y - 4*y - 4*d = 0, -5*y + 3*d + 16 = 0. Suppose -o - 3 = y*o. Is v(o) a prime number?
False
Let m = 1926 - 389. Let c = -642 + m. Is c prime?
False
Is ((-6671)/(-7) - -5)/(4/194) a composite number?
True
Suppose 169156 = -19*g + 6*g. Let n = 19618 + g. Suppose 13*q - 19*q + n = 0. Is q a prime number?
False
Let p be (-18 + 0)*(10/6 + -2). Let g be 140/21 + 2/p. Is (1758/(-9))/(-2)*21/g prime?
True
Let x(p) = 28066*p**2 + 124*p - 839. Is x(8) a composite number?
True
Suppose 66*l + 43*l - 45*l = 24536896. Is l a prime number?
False
Let j(v) = -v**3 + 24*v**2 - 21*v - 44. Let o be j(23). Suppose -o*q = -10*s + 11*s - 16726, 4*q = 3*s + 33452. Is q prime?
True
Let w(i) = 2311*i - 4. Let y(p) be the first derivative of -1155*p**2/2 + 2*p - 22. Let v(k) = 6*w(k) + 13*y(k). Is v(-1) prime?
True
Suppose 0*i + 2*i - 4*p - 20446 = 0, 0 = 4*i + 5*p - 40918. Suppose i = 10*g - 38303. Is g a composite number?
True
Suppose 53109609 = 32*p + 102*p + 15056423. Is p a composite number?
False
Let n = -722368 - -1155081. Is n a composite number?
False
Let q(l) = l**3 + 4*l + 2. Let j be q(-7). Let f = 156 + j. Let r = f + 1010. Is r a composite number?
False
Suppose -2*i + 4*i - 24 = 0. Let f(v) = 13 - 6 + 10 - 42*v**3 + 41*v**3 + i*v**2 + 3*v. Is f(-12) a prime number?
False
Suppose -3*w + 563473 = -4*s, -665843 = -5*w - 2*s + 273270. Is w prime?
True
Let j(c) = 14*c**2 + 9*c + 9. Let n be j(10). Suppose -n = 11*k - 10288. Is k a prime number?
False
Let k(y) = -135*y + 20. Let r be k(2). Let x be r/20*364/(-5). Suppose 5*g + 0*v - 4540 = -5*v, g - x = -3*v. Is g composite?
False
Suppose 2*o = -4, 6*y - 10 = 3*y - o. Suppose 0 = y*d - 193 + 53. Let r = d - 20. Is r prime?
False
Let h be ((-5 - -1) + -5)*-1. Suppose -3*n + 2*n - h = 0. Is ((-111)/n)/((-3)/(-9)) a composite number?
False
Suppose -3*x = -4*o + 102368, 0 = 3*o - 4*o + 6*x + 25571. Is o prime?
False
Suppose -11*b - d - 165 = -16*b, 2*b = d + 63. Is 1189/2*68/b a prime number?
False
Let j = -3227 - -10275. Suppose -4*c = 4*o - j, -3521 = -o - o - c. Is o composite?
False
Let o = 1923 + 5803. Is o a prime number?
False
Suppose 81*k - 2003532 - 4352948 = -1332131. Is k composite?
True
Suppose -154*k = -155*k + 145. Suppose k = 2*s - 409. Is s a composite number?
False
Let x = 6041 + -3999. Let u = -835 + x. Is u prime?
False
Let u(w) = -3*w**3 - 18*w**2 + 32. Let j be u(-13). Suppose -4*a - 4*o - j = -7*a, -2389 = -2*a + o. Is a a composite number?
True
Let m = 346 + -331. Is (m/(-20))/(3/(-4))*1319 composite?
False
Suppose 15778*f - 15792*f = -1431206. Is f prime?
True
Let d(h) = h**3 - 19*h**2 + 26*h - 189. Suppose -5 = -2*w - 1, 5*c = -5*w + 110. Is d(c) a prime number?
False
Let q = -30685 - -48932. Is q prime?
False
Suppose 1 = 3*d - 0*d + m, -5*m = 2*d - 5. Suppose 3*t - 2517 = 4*k, d*k - 3*k - 834 = -t. Is t a prime number?
False
Let a 